+ 1142?
1144
In base 3, what is -2212001 - 0?
-2212001
In base 12, what is -573 - -5?
-56a
In base 3, what is 22 - -10221020?
10221112
In base 5, what is 2 - -322?
324
In base 11, what is -7a + -4?
-83
In base 9, what is 8 + -1?
7
In base 14, what is -2306 - -4?
-2302
In base 9, what is -5 - 328?
-334
In base 10, what is 8391 - 4?
8387
In base 11, what is 0 - -13?
13
In base 14, what is 993 + -5?
98c
In base 10, what is -3 + 15?
12
In base 16, what is e - -5a?
68
In base 15, what is 222 - -1?
223
In base 7, what is -13 - 10404?
-10420
In base 15, what is 11 - 25?
-14
In base 14, what is -891 - -2?
-88d
In base 8, what is -755 + -55?
-1032
In base 16, what is 2 + -1a?
-18
In base 8, what is -124 - -5?
-117
In base 14, what is -3d7d - -1?
-3d7c
In base 8, what is -20725 - 5?
-20732
In base 9, what is 1833 + -4?
1828
In base 8, what is -3 + 1534?
1531
In base 5, what is -10 - 444?
-1004
In base 12, what is 4 + -23?
-1b
In base 10, what is -6 - -2072?
2066
In base 13, what is -4 + -376?
-37a
In base 2, what is -1 - -1000001101?
1000001100
In base 14, what is -84 - -2?
-82
In base 9, what is -5 + -640?
-645
In base 11, what is -5 - 52?
-57
In base 4, what is -2 - -211312?
211310
In base 3, what is 10 + 2000220?
2001000
In base 6, what is -2 - 4434?
-4440
In base 11, what is 3 + -561?
-559
In base 8, what is -4 + -1264?
-1270
In base 7, what is 0 + 54?
54
In base 11, what is 1 - 19?
-18
In base 2, what is -110011000 - -101?
-110010011
In base 9, what is 5 + 701?
706
In base 12, what is 89 - 4?
85
In base 6, what is 2 - -105?
111
In base 3, what is 12211 + 0?
12211
In base 14, what is -2 - -28a?
288
In base 10, what is -5 + -522?
-527
In base 4, what is 0 + -1222?
-1222
In base 4, what is 12 - -101?
113
In base 6, what is -525 - 4?
-533
In base 16, what is -4 - 221a?
-221e
In base 7, what is -1335 - 103?
-1441
In base 13, what is -5 - -b?
6
In base 15, what is -1 - -66?
65
In base 7, what is 4246 + -5?
4241
In base 5, what is -2 - -202?
200
In base 4, what is 11031 - 0?
11031
In base 3, what is -2020 + -121?
-2211
In base 2, what is 100010 + 110001?
1010011
In base 15, what is -4 + 1c69?
1c65
In base 2, what is 0 + 10100000?
10100000
In base 7, what is 42 - 5?
34
In base 13, what is 9a7 - 3?
9a4
In base 8, what is -227 + -2?
-231
In base 14, what is -1d9 - 0?
-1d9
In base 13, what is -8 - c1?
-c9
In base 2, what is -10101 + 111?
-1110
In base 2, what is 100 - 1110110000?
-1110101100
In base 8, what is 152 - -4?
156
In base 6, what is 201 - -414?
1015
In base 8, what is -3 + 236?
233
In base 13, what is -1911 + -1?
-1912
In base 4, what is 213 + 23?
302
In base 6, what is -25 + -35?
-104
In base 3, what is -11020012 + -11?
-11020100
In base 15, what is -7e + -d?
-8c
In base 3, what is -11 + 1202?
1121
In base 11, what is -11a2 + -4?
-11a6
In base 3, what is -110110 + 120?
-102220
In base 3, what is 101221 - 22?
101122
In base 11, what is 0 + 111?
111
In base 7, what is 4566 - -4?
4603
In base 2, what is 0 + 11101100?
11101100
In base 4, what is 223 - 2?
221
In base 7, what is 43 - -32?
105
In base 16, what is -a + -14?
-1e
In base 2, what is 111 + -1100?
-101
In base 8, what is 0 - 6?
-6
In base 3, what is 2 + 10122?
10201
In base 13, what is 46 + -7?
3c
In base 11, what is 4 - 124?
-120
In base 5, what is 2 + 4424?
4431
In base 13, what is 1 - 6c?
-6b
In base 4, what is -111010 - -2?
-111002
In base 6, what is 145 + 114?
303
In base 15, what is 2 + -7?
-5
In base 6, what is -5 + 20?
11
In base 5, what is -32 - 3?
-40
In base 5, what is -14124 + 1?
-14123
In base 14, what is d80 + 4?
d84
In base 5, what is 3 - 1123?
-1120
In base 10, what is -27866 + 1?
-27865
In base 4, what is 3 + -1231?
-1222
In base 16, what is 100 - 6?
fa
In base 7, what is -356 - -23?
-333
In base 5, what is 33 + -12?
21
In base 11, what is 5 + -121?
-117
In base 7, what is 54 + -34?
20
In base 15, what is -350 - 5?
-355
In base 6, what is 4 - -1001?
1005
In base 12, what is -2b + 1b?
-10
In base 3, what is -2021 - 10?
-2101
In base 16, what is 4 - -4?
8
In base 10, what is 24 + 188?
212
In base 6, what is -24410 + 4?
-24402
In base 16, what is -23 - -5?
-1e
In base 2, what is -10010 + 10101?
11
In base 5, what is 12 - -12?
24
In base 9, what is 8600 + 3?
8603
In base 7, what is -2134 - -2?
-2132
In base 10, what is -58 + 8?
-50
In base 9, what is 2 - -2171?
2173
In base 6, what is -1050 + 0?
-1050
In base 11, what is -2 + -35?
-37
In base 3, what is -2000000 - -10?
-1222220
In base 2, what is 11100111 - -110001?
100011000
In base 7, what is -5 - 344?
-352
In base 15, what is 25 + -7?
1d
In base 8, what is 163 + 3?
166
In base 11, what is -3 + 85?
82
In base 13, what is 20 - 4?
19
In base 2, what is 110 - -110100?
111010
In base 9, what is -35805 + 4?
-35801
In base 5, what is 10110 + -3?
10102
In base 10, what is -5 + -1428?
-1433
In base 3, what is 110 + 21?
201
In base 16, what is -3f - 2?
-41
In base 2, what is 11010100100 + 10?
11010100110
In base 4, what is 10211013 + -10?
10211003
In base 11, what is -13 + 3aa?
397
In base 14, what is 6 - 24?
-1c
In base 11, what is -719 + -32?
-750
In base 3, what is -2 + 1210?
1201
In base 15, what is -4 - 15a?
-15e
In base 6, what is 5 - 20021?
-20012
In base 5, what is -3 + 2422?
2414
In base 4, what is -11 - -101?
30
In base 9, what is -447 + -10?
-457
In base 9, what is 7 - 16?
-8
In base 8, what is 0 - 222?
-222
In base 14, what is 0 - -b5?
b5
In base 14, what is 2c + -19?
13
In base 2, what is -110 + 111100000010?
111011111100
In base 14, what is 55 + -4?
51
In base 14, what is 5 - -1d?
24
In base 16, what is -f8b + -1?
-f8c
In base 4, what is 1 + 102133?
102200
In base 11, what is 21 - 9?
13
In base 11, what is -2 - -44?
42
In base 6, what is -1 - 413?
-414
In base 2, what is -101000 - 1001?
-110001
In base 3, what is 2022002 - -11?
2022020
In base 16, what is 8e + -36?
58
In base 12, what is -517 - -3?
-514
In base 11, what is -1409 - 2?
-1410
In base 10, what is 3629 + 2?
3631
In base 7, what is -4604 + -5?
-4612
In base 7, what is -15 + 136?
121
In base 2, what is 10 + -10110?
-10100
In base 11, what is -3 - 431?
-434
In base 11, what is 354 + 2?
356
In base 10, what is 0 - -1406?
1406
In base 14, what is 10bd - 3?
10ba
In base 12, what is 1a - -11?
2b
In base 15, what is 1 + -7d1?
-7d0
In base 16, what is -76 - 3?
-79
In base 12, what is 3 + -89?
-86
In base 14, what is -8 + -a?
-14
In base 4, what is 12202132 - 0?
12202132
In base 5, what is 4 - 4330?
-4321
In base 14, what is -a7 - -c1?
18
In base 12, what is 1 + 130b?
1310
In base 15, what is -44 + -2?
-46
In base 16, what is c79 + -5?
c74
In base 12, what is -170 - -5?
-167
In base 3, what is -1022022002 + -2?
-1022022011
In base 11, what is -24 + 3?
-21
In base 10, what is -48 + 3?
-45
In base 12, what is 3 - -2a?
31
In base 4, what is 12 + 1111?
1123
In base 10, what is -43 - 41?
-84
In base 6, what is 131 + -24?
103
In base 15, what is -3 - 20c?
-210
In base 14, what is a - 0?
a
In base 5, what is 10443 - -1?
10444
In base 5, what is -2 - -100?
43
In base 14, what is -294 + 2?
-292
In base 11, what is 2 + -114?
-112
In base 9, what is 10534 + 4?
10538
In base 2, what is -1 - 10110110011?
-10110110100
In base 14, what is -3 - -cc4?
cc1
In base 11, what is 879 - -4?
882
In base 16, what is -2 - 7?
-9
In base 9, what is -1170 - 1?
-1171
In base 6, what is 144 + -1?
143
In base 5, what is -130 - -2?
-123
In base 15, what is -7 + 27?
20
In base 16, what is e + 1b?
29
In base 10, what is -5616 + 1?
-5615
In base 14, what is 4 + 132?
136
In base 14, what is 8dc - 2?
8da
In base 14, what is 4 + 3d?
43
In base 13, what is -5 + 122?
11a
In base 5, what is 443 - 2?
441
In base 16, what is 18 + 5?
1d
In base 14, what is -3 - -278?
275
In base 9, what is -7 - -1?
-6
In base 8, what is 142 - -226?
370
In base 9, what is -5404 + -4?
-5408
In base 6, what is -4 - 43?
-51
In base 5, what is -141222 + 0?
-141222
In base 15, what is -165e + 3?
-165b
In base 9, what is 23 + -17?
5
In base 5, what is -1121 + 1?
-1120
In base 11, what is -2 - 105?
-107
In base 8, what is -2 - 44?
-46
In base 6, what is -3141 - 4?
-3145
In base 9, what is -2 + 324?
322
In base 3, what is -22 - -12210?
12111
In base 2, what is 101010 + 1010010011?
1010111101
In base 10, what is 2 + -564?
-562
In base 12,